{"id":36,"date":"2023-11-24T18:08:58","date_gmt":"2023-11-24T18:08:58","guid":{"rendered":"https:\/\/gpsites.co\/split\/?page_id=36"},"modified":"2023-11-24T18:08:58","modified_gmt":"2023-11-24T18:08:58","slug":"hakkimizda","status":"publish","type":"page","link":"https:\/\/istanbulinsaatyapi.com\/?page_id=36","title":{"rendered":"Hakk\u0131m\u0131zda"},"content":{"rendered":"<h2><strong>\u0130stanbul \u0130n\u015faat Yap\u0131: G\u00fcven ve Kalitenin Adresi<\/strong><\/h2>\n<p>2018 y\u0131l\u0131ndan beri in\u015faat ve yap\u0131 sekt\u00f6r\u00fcnde uzman kadromuzla hizmet vermekteyiz. \u0130stanbul \u0130n\u015faat Yap\u0131 olarak, mimarl\u0131k, m\u00fchendislik, i\u00e7 ve d\u0131\u015f dizayn gibi geni\u015f bir yelpazede bilgi ve tecr\u00fcbelerimizi sizlerle payla\u015f\u0131yoruz. Amac\u0131m\u0131z, in\u015faat ve yap\u0131 konular\u0131nda en g\u00fcncel ve do\u011fru bilgileri sunarak, projelerinizde size rehberlik etmek ve hayallerinizi ger\u00e7e\u011fe d\u00f6n\u00fc\u015ft\u00fcrmek.<\/p>\n<p>M\u00fc\u015fteri memnuniyetini \u00f6n planda tutarak, en kaliteli hizmeti sunma hedefiyle yola \u00e7\u0131kt\u0131k. Her t\u00fcrl\u00fc sorunuz ve i\u015fbirli\u011fi talepleriniz i\u00e7in bizimle ileti\u015fime ge\u00e7ebilirsiniz.<\/p>\n","protected":false},"excerpt":{"rendered":"<p>\u0130stanbul \u0130n\u015faat Yap\u0131: G\u00fcven ve Kalitenin Adresi 2018 y\u0131l\u0131ndan beri in\u015faat ve yap\u0131 sekt\u00f6r\u00fcnde uzman kadromuzla hizmet vermekteyiz. \u0130stanbul \u0130n\u015faat Yap\u0131 olarak, mimarl\u0131k, m\u00fchendislik, i\u00e7 ve d\u0131\u015f dizayn gibi geni\u015f bir yelpazede bilgi ve tecr\u00fcbelerimizi sizlerle payla\u015f\u0131yoruz. Amac\u0131m\u0131z, in\u015faat ve yap\u0131 konular\u0131nda en g\u00fcncel ve do\u011fru bilgileri sunarak, projelerinizde size rehberlik etmek ve hayallerinizi ger\u00e7e\u011fe &#8230; <\/p>\n<p class=\"read-more-container\"><a title=\"Hakk\u0131m\u0131zda\" class=\"read-more button\" href=\"https:\/\/istanbulinsaatyapi.com\/?page_id=36#more-36\" aria-label=\"Read more about Hakk\u0131m\u0131zda\">Devam\u0131n\u0131 oku<\/a><\/p>\n","protected":false},"author":1,"featured_media":0,"parent":0,"menu_order":0,"comment_status":"closed","ping_status":"closed","template":"","meta":{"footnotes":""},"class_list":["post-36","page","type-page","status-publish"],"_links":{"self":[{"href":"https:\/\/istanbulinsaatyapi.com\/index.php?rest_route=\/wp\/v2\/pages\/36","targetHints":{"allow":["GET"]}}],"collection":[{"href":"https:\/\/istanbulinsaatyapi.com\/index.php?rest_route=\/wp\/v2\/pages"}],"about":[{"href":"https:\/\/istanbulinsaatyapi.com\/index.php?rest_route=\/wp\/v2\/types\/page"}],"author":[{"embeddable":true,"href":"https:\/\/istanbulinsaatyapi.com\/index.php?rest_route=\/wp\/v2\/users\/1"}],"replies":[{"embeddable":true,"href":"https:\/\/istanbulinsaatyapi.com\/index.php?rest_route=%2Fwp%2Fv2%2Fcomments&post=36"}],"version-history":[{"count":0,"href":"https:\/\/istanbulinsaatyapi.com\/index.php?rest_route=\/wp\/v2\/pages\/36\/revisions"}],"wp:attachment":[{"href":"https:\/\/istanbulinsaatyapi.com\/index.php?rest_route=%2Fwp%2Fv2%2Fmedia&parent=36"}],"curies":[{"name":"wp","href":"https:\/\/api.w.org\/{rel}","templated":true}]}}